on factor of 4850 and 1132250?
50
Calculate the highest common divisor of 567 and 1108156.
7
Calculate the greatest common factor of 41048 and 463064.
56
What is the highest common divisor of 934 and 3348171444?
934
Calculate the highest common divisor of 114966 and 78773.
2129
What is the greatest common divisor of 18 and 927315414?
18
Calculate the greatest common divisor of 299151 and 39087.
387
Calculate the greatest common divisor of 17303 and 393250.
1573
What is the highest common factor of 572619673 and 661?
661
Calculate the highest common divisor of 705 and 1040126685.
705
What is the greatest common divisor of 12852746 and 5359?
233
Calculate the highest common factor of 220 and 15625110.
10
Calculate the greatest common factor of 76 and 252438028.
76
What is the greatest common divisor of 26 and 65603837?
13
Calculate the greatest common factor of 5763165 and 5535.
615
What is the greatest common divisor of 17936941 and 2387?
341
What is the highest common factor of 1112606 and 141625?
1133
Calculate the greatest common divisor of 735570 and 60129504.
13374
What is the greatest common divisor of 1574676 and 155124?
1116
Calculate the highest common factor of 895365 and 19829835.
4545
What is the greatest common divisor of 1241144 and 3674?
334
What is the highest common divisor of 170 and 1147058?
34
Calculate the greatest common divisor of 1841349 and 36909.
4101
Calculate the greatest common divisor of 78 and 1838772.
78
What is the greatest common factor of 13034046 and 1072?
134
What is the greatest common factor of 83640 and 26392602?
4182
Calculate the greatest common factor of 104755 and 10858604.
2993
What is the highest common divisor of 1590814 and 2062427?
7039
What is the greatest common factor of 37397230 and 1040?
130
Calculate the highest common divisor of 99773544 and 676.
676
Calculate the greatest common factor of 1036099 and 128384.
1003
What is the highest common factor of 21192 and 2062988220?
10596
Calculate the greatest common factor of 5918 and 13738906.
538
Calculate the greatest common factor of 82508244 and 1365.
273
What is the greatest common factor of 2618022 and 1518?
66
Calculate the highest common divisor of 349136 and 1296.
16
Calculate the highest common factor of 2919 and 1021928.
139
What is the greatest common factor of 2008108 and 14?
2
What is the greatest common factor of 1721958 and 452466?
294
Calculate the highest common factor of 709780 and 103040.
460
Calculate the highest common factor of 772 and 37286828.
772
What is the highest common divisor of 809716 and 5883362?
8614
Calculate the greatest common factor of 590932767 and 5865.
1173
Calculate the greatest common divisor of 192306 and 186.
6
Calculate the highest common divisor of 265 and 1973236110.
265
What is the greatest common factor of 54880 and 33936224?
1568
Calculate the greatest common divisor of 243006 and 310374.
2406
What is the greatest common factor of 1343 and 561357?
17
What is the highest common divisor of 75416700 and 600?
300
What is the highest common factor of 2000655 and 3450?
345
Calculate the greatest common divisor of 63764 and 20596.
76
Calculate the highest common divisor of 16538635 and 5.
5
Calculate the greatest common factor of 340 and 760495.
85
Calculate the greatest common factor of 71450078 and 14.
14
What is the greatest common divisor of 30 and 4942572?
6
What is the greatest common divisor of 4090635 and 10201860?
7065
Calculate the highest common factor of 2055931 and 89.
1
Calculate the highest common factor of 121929 and 291.
291
What is the greatest common divisor of 460590 and 95550?
390
Calculate the highest common divisor of 20 and 21446410.
10
What is the highest common divisor of 334424 and 4313086?
4918
What is the greatest common divisor of 407 and 17072429?
407
Calculate the greatest common divisor of 35377410 and 749.
107
What is the greatest common divisor of 53270581 and 1092?
91
Calculate the highest common divisor of 25 and 555339445.
5
What is the greatest common factor of 10300723 and 22851?
2539
Calculate the highest common factor of 35893 and 2807937.
2761
What is the highest common factor of 150586 and 42493268?
3502
Calculate the greatest common factor of 746638000 and 647.
647
Calculate the greatest common factor of 30419 and 57.
19
Calculate the greatest common divisor of 30277 and 443921.
17
Calculate the highest common divisor of 90575776 and 12680.
2536
Calculate the highest common divisor of 12495 and 52162215.
735
Calculate the greatest common divisor of 6795012 and 5740.
1148
What is the highest common divisor of 216982 and 50774?
106
Calculate the highest common divisor of 428 and 1572793.
107
Calculate the highest common factor of 32 and 45512416.
32
What is the highest common divisor of 858048 and 9674688?
7872
Calculate the greatest common divisor of 2229 and 88786271.
743
What is the greatest common factor of 171186405 and 165?
15
What is the greatest common divisor of 1011318 and 7557?
33
What is the greatest common divisor of 69119973 and 2106?
1053
Calculate the highest common factor of 197091 and 8975.
359
What is the greatest common divisor of 383132196 and 612?
612
What is the greatest common divisor of 55674920 and 5320?
280
Calculate the highest common factor of 14 and 51100273.
7
What is the highest common divisor of 7490 and 851185?
535
What is the highest common divisor of 8909920 and 128?
32
What is the highest common divisor of 1252172 and 55876?
916
Calculate the greatest common factor of 90950368 and 224.
32
What is the highest common divisor of 22946 and 3027829?
1043
Calculate the highest common factor of 29710524 and 24.
12
Calculate the greatest common factor of 310 and 139751224.
62
Calculate the highest common factor of 283608 and 5076.
108
What is the greatest common divisor of 210736 and 36896?
16
What is the greatest common factor of 44945715 and 30?
15
What is the highest common divisor of 127871789 and 23?
23
Calculate the highest common factor of 845934 and 66.
6
Calculate the highest common divisor of 2952 and 206433.
9
Calculate the highest common factor of 50 and 67875625.
25
What is the highest common divisor of 20 and 9164715?
5
Calculate the greatest common divisor of 1258 and 6747505.
37
Calculate the greatest common divisor of 6097315 and 41.
41
What is the highest common factor of 50 and 269972050?
50
What is the greatest common factor of 65424 and 851875?
1363
Calculate the highest common divisor of 135 and 4758525.
45
Calculate the highest common divisor of 1339893 and 36.
9
Calculate the highest common divisor of 28 and 1862063.
7
Calculate the greatest common divisor of 1077153 and 1155.
231
What is the highest common divisor of 5915984 and 423?
47
Calculate the greatest common divisor of 640 and 20787550.
10
What is the highest common factor of 1546813 and 6698?
17
What is the greatest common divisor of 9152114 and 506?
46
Calculate the greatest common divisor of 10090 and 406930.
10
What is the greatest common divisor of 5573638 and 224?
14
Calculate the greatest common factor of 227711 and 1292753.
1793
What is the highest common divisor of 331917 and 367908?
3999
Calculate the greatest common divisor of 3208821 and 23925.
957
Calculate the greatest common divisor of 1950 and 12774840.
390
What is the highest common factor of 2241 and 93834?
9
Calculate the greatest common divisor of 806975 and 1812525.
4225
What is the greatest common factor of 3575506 and 814?
22
What is the highest common divisor of 6453237 and 21?
21
Calculate the highest common divisor of 23900 and 6485504.
956
Calculate the greatest common divisor of 63828 and 107956.
788
What is the highest common divisor of 658912 and 1904992?
1888
What is the highest common factor of 45465500 and 13500?
500
What is the greatest common divisor of 458 and 2672659?
229
What is the greatest common divisor of 177772 and 2358200?
3628
What is the highest common divisor of 1047366 and 2053438?
3754
Calculate the greatest common factor of 248056 and 645928.
2456
What is the greatest common factor of 488996 and 335572?
172
Calculate the highest common divisor of 66713559 and 1091.
1091
What is the highest common factor of 21715 and 168990?
215
Calculate the great